n(-13).
2
Let y be 2/(-7) - 44/(-7). Let t(m) = -m**2 + 4*m + 2. Let n be t(4). Let h(s) = 3*s + 4*s - s**n - 4 - 3 + 0. Give h(y).
-1
Let c(p) be the third derivative of p**4/12 - p**3/2 + 30*p**2 - 6*p. Let a = -6 - -9. Calculate c(a).
3
Let z(k) = -k + 29. Let o be z(27). Let n(l) = -1 + o - l**3 - 4*l**2 + 6*l**2 + 3. Determine n(3).
-5
Suppose 2*y + 2*y = 8. Suppose 7*r = y*r + 30. Let f(l) = -2*l**2 - 7*l + 3 + l**3 - 3*l**2 + 1 + 5. Calculate f(r).
3
Let s = 12 - 12. Suppose s - 12 = -6*k. Let b(i) = 2*i - 4*i - i**k - i. Determine b(-3).
0
Let i(g) = 41*g**2 - 29*g + 3. Let q(n) = 14*n**2 - 8*n + 1. Let x(r) = 2*i(r) - 7*q(r). Determine x(-1).
-15
Let t be 30 + 1 + (-5 - -4). Let a be ((-4)/8)/(3/t). Let v(f) = f**3 + 4*f**2 - 8*f - 6. Give v(a).
9
Let l(f) be the second derivative of f**6/360 + f**4/24 - 11*f**3/6 + 10*f. Let z(i) be the second derivative of l(i). Calculate z(-3).
10
Let x(q) be the first derivative of q**2/2 + 10*q - 27. Give x(-8).
2
Let p(s) = s**2 + 9*s + 11. Let a = 4 + 3. Let k(u) = -u**3 + 5*u**2 + 13*u - 1. Let f be k(a). Give p(f).
3
Suppose -4 = z + 1. Let j(w) = w**2 + 6*w + 2. Let v(c) = -2*c**2 - 13*c - 5. Let a = -22 + 15. Let o(p) = a*j(p) - 3*v(p). What is o(z)?
-9
Let h(m) = m**2 + 9*m - 4. Let w(g) = g**2 + 26*g - 8. Let v be w(-26). What is h(v)?
-12
Let p(x) be the third derivative of -x**4/12 - x**3 - 405*x**2. Let g be (0/1 - 7)/1. Calculate p(g).
8
Let h = -1 + 9. Let q = h + -4. Let n(j) = -7 - 4 + 4*j - 1 - j**2 + 11. Calculate n(q).
-1
Let c(r) = -9*r**2 + 147*r**3 - 14 + 7*r + 2*r - 146*r**3 + 4. Give c(7).
-45
Let x(b) = 1 + 2 + 2 + 2*b. Give x(5).
15
Let l(h) = -h**2 + 6*h + 11. Let q(f) = -f**3 + 6*f**2 - 8*f + 12. Let z be q(5). Let s be -20*(z/(-5) + -1). What is l(s)?
-5
Let l(d) = d**2 - d - 2. Suppose 12 = -4*q - 0. Determine l(q).
10
Let u(f) = 5*f**3 - 9*f**2 + 4*f + 5. Let p(d) = -d**3 + d**2. Let t(m) = -6*p(m) - u(m). Determine t(-4).
-5
Let w = 885 - 893. Let t(v) = v**2 + 8*v + 4. Calculate t(w).
4
Suppose -k + 5 = -0*k - l, -l = -4*k + 32. Let m(f) = -k*f + 1 + 9*f + 11*f. Let n(b) = -b. Let x(w) = -m(w) - 6*n(w). What is x(-2)?
9
Let c(d) = d**2 - 6. Let s be (-5 + 7 + -2)/(-1). What is c(s)?
-6
Let v(n) be the third derivative of -n**6/120 - 2*n**5/15 + 5*n**4/24 - 2*n**3/3 + 6*n**2 + 4*n. What is v(-9)?
32
Let a(r) = 2*r - 3*r**3 + r**3 + 2*r**2 + 4*r**3 + 1. Let t be 3 - (3 + 0) - 41. Let o = t - -40. Give a(o).
-1
Suppose -3*j = -13 + 7, 3*t + j - 38 = 0. Let i(u) = -u**3 + 13*u**2 - 12*u + 3. Give i(t).
3
Let f(o) = -o - 9. Suppose 0 = -35*n + 24*n - 44. Give f(n).
-5
Let y(d) = 2*d**2 + 3*d - 1. Let k(w) = -w**2 - 2*w. Let m(u) = 7*k(u) + 4*y(u). Suppose 0 = -14*q + 14 + 2 + 40. Determine m(q).
4
Let v(j) = -2*j - 1. Let o(a) = -a**2 - 2*a. Let b be o(-3). Determine v(b).
5
Suppose -r = -0 - 2. Suppose 0 = -4*g + 8 - 0. Let p(i) = i - 110 + g*i + 104 - r*i. What is p(5)?
-1
Let c(d) = -d**3 - 30*d**2 - 27*d + 63. Let u(w) = -2*w**2 - 81*w + 232. Let k be u(3). What is c(k)?
5
Let h(a) = -2*a**2 - 8*a + 2. Suppose -3*m - 3 = 18. Determine h(m).
-40
Let i = 196 + -189. Let p(v) = -v - 1. Give p(i).
-8
Let u(n) be the third derivative of -n**5/60 + n**4/6 + n**3 + 27*n**2 + 4. Determine u(5).
1
Suppose -4*j + 0*m - 5*m = 12, 0 = 3*m + 12. Let n(v) be the first derivative of -v**3 + v**2/2 + 2*v + 285. Give n(j).
-8
Let x(a) = -2*a - 5. Suppose 3 = 9*k - 8*k. Let m(b) = k*b**2 + b**2 - b - 1 - 3*b**2. Let j(o) = -4*m(o) + x(o). Calculate j(1).
-3
Let m = -27 - -31. Suppose 3*f = 2 + m. Let s(w) = -2*w - 5*w + 3*w. Give s(f).
-8
Let m(y) be the first derivative of -y**4/4 + 5*y**3/3 - 2*y**2 + 14. Let x = 216 + -212. What is m(x)?
0
Let k(d) = d**2 - 8*d - 6. Let u be (-9)/15*15/(-1). Let n be k(u). Let x(i) = -n + 7 + i + 3. Determine x(-6).
1
Let s(z) be the first derivative of -z**4/4 - 4*z**3/3 + 3*z**2 + 5*z - 76. Calculate s(-4).
-19
Suppose 21*m - 27*m + 30 = 0. Let q(j) be the third derivative of 0 + 7/24*j**4 + 0*j + 1/3*j**3 + 5*j**2 + 1/60*j**m. Give q(-3).
-10
Let f(b) = -7*b. Let q = 66 + -65. Determine f(q).
-7
Let w = 15 - 13. Let g(h) = 10*h**2 - 8*h**2 + 5*h**w - 7*h - 8*h**2 - 6. What is g(-7)?
-6
Let l(n) = -n**3 + 6*n**2 + 8*n - 10. Let h = 116 - 109. What is l(h)?
-3
Let m(o) be the second derivative of o**4/12 + 5*o**3/6 - 3*o**2 - 3459*o. Let l = -4 + 9. Suppose 0 = -3*i + l*i + 3*h + 8, 3*i = h - 23. Determine m(i).
8
Let w(l) = 3 - 2*l + 4*l - 2*l - 2*l - 3*l. Let j(a) = -a**3 - 6*a**2 + 7*a - 3. Let v be j(-7). Give w(v).
18
Let u(k) be the first derivative of -k**4/4 + 3*k**3 + 5*k**2 + 6*k + 2. Let l be (2/12)/(1/(-6)) - -11. Determine u(l).
6
Suppose -2*y + 6*y + 24 = -4*c, 4*y = -c + 6. Let q(h) be the third derivative of h**4/8 + h**3 + 84*h**2. Determine q(c).
-24
Let u(t) = -4*t**3 + 2*t**2 + t - 2. Let w be u(2). Let v be (-36)/w*(-1)/((-3)/2). Let a(s) = 10*s**3 - 2*s**2 + s. Give a(v).
9
Suppose 0 = 8*z + 155 - 147. Let a(n) = -2*n**3 + n**2 + 2*n + 1. Give a(z).
2
Let b(l) be the second derivative of -l**4/12 - 3*l**3/2 + 3*l**2/2 - l - 19. Calculate b(-6).
21
Let r(a) be the second derivative of a**5/20 - a**4/3 - 7*a**3/6 + 2*a**2 - a. Let m = -35 - -40. Give r(m).
-6
Let f(m) = m**3 + 9*m**2 + 6. Let k(c) = c**3 + 2*c. Let r be k(0). Suppose -s + 11 = -4*b, 3*s + 3*b + 48 - 6 = r. What is f(s)?
6
Let s(d) = -d + 8*d**2 + d - 1. Let l(y) = 6*y**2 + 52*y + 33. Let a be l(-8). Determine s(a).
7
Let z(t) be the third derivative of -13*t**4/24 - t**3/3 + 274*t**2. Determine z(2).
-28
Let j(f) = -f**2 - 11*f + 16. Let u be (-1053)/117 + (-4)/2. Calculate j(u).
16
Let k(q) = 35*q**2 + 39*q. Let m(n) = -16*n**2 - 19*n. Let z(d) = 6*k(d) + 13*m(d). What is z(6)?
-6
Let z(w) = 11*w**2 + 10*w + 19*w**2 + 3 - 47*w**2 + 16*w**2. Calculate z(8).
19
Let o(x) = x**3 - 8*x**2 + 6*x + 6. Let q be (-2)/(-7) - 2322/(-301). Calculate o(q).
54
Let l(h) = -3*h**2 - h. Let u be l(-1). Let j(a) = -7*a + 63. Let p(q) = -20*q + 178. Let o(m) = 17*j(m) - 6*p(m). Give o(u).
1
Let v = 5 - 3. Let g(c) = 2*c + 1 + 16*c**2 - 12*c**2 - 15*c**v. Give g(-1).
-12
Let w(p) = -3*p + 12. Let m(t) = -1. Let o(c) = 12*m(c) + w(c). Suppose -3*z - i - 5 = 7, 9 = -5*z + 2*i. Determine o(z).
9
Let t = -166 + 161. Let p(m) = m**3 + 5*m**2 - 4*m + 4. Calculate p(t).
24
Let m(y) = -y**2 + 2*y - 17. Let v be m(0). Let w be v - -22 - 4/1. Let n(q) = -3*q**2 + q. What is n(w)?
-2
Suppose 2*z - 10 = 0, -9*z = -4*s - 12*z + 27. Suppose -n + 0*n - 26 = s*q, -5*q - 25 = 0. Let w(v) = -v**2 - 10*v + 3. What is w(n)?
-8
Suppose 5*o = 8 + 12. Let p be (-20)/o + (-3 - -1). Let x(r) = r**2 + 8*r + 9. What is x(p)?
2
Let h(z) be the first derivative of -2*z**3/3 + 6*z**2 + 4*z - 10. Let i(x) = -5*x**2 + 25*x + 8. Let r(b) = 7*h(b) - 3*i(b). What is r(-8)?
-4
Let b(j) = j**2 - 3*j + 5. Suppose -4*f + 108 = 32*f. What is b(f)?
5
Let b(d) = -d**3 + 6*d**2 + 10*d - 15. Let q be b(7). Suppose -t - 4 = 2*j, -5*t = -4*j - 2 - q. Let w(z) = z**2 - 8. Give w(t).
-8
Let n(s) be the first derivative of -s**3/6 + 6*s + 7. Let c(o) be the first derivative of n(o). Let g = -9 + 4. What is c(g)?
5
Let g(q) = -q**2 - 9*q - 7. Let u = 215 - 224. What is g(u)?
-7
Let z(n) be the second derivative of -n**3/6 - n**2/2 - 10*n. Suppose 2*s = -0*s. Determine z(s).
-1
Let j(h) = -h**3 - 5*h**2 + 4. Let o be (-903)/(-14)*(-4)/6. Let v = -48 - o. Determine j(v).
4
Let a(g) = -3*g - 40. Let z(b) be the first derivative of b**2/2 + 13*b - 2. Let q(v) = -2*a(v) - 7*z(v). Determine q(-11).
0
Let t(v) = v**3 - v**2 + 2*v - 1. Let b = 176 + -258. Let s = -79 - b. What is t(s)?
23
Let w(s) be the third derivative of -s**4/12 - s**3/6 - 5*s**2 - 6*s. Let t be -6 + 2 + -2 - -1. Calculate w(t).
9
Let p(s) = s - 9. Let y(g) = -44. Let j(x) = 4*p(x) - y(x). Calculate j(-2).
0
Let g(m) = m - 1. Let o(s) = 3*s**2 - 2*s + 2. Let l(h) = -g(h) - o(h). Calculate l(-3).
-31
Let r(u) = -3*u + 1. Let p(s) = -s**3 - 10*s**2 + 1. Suppose -14 = o - w, -o - 3*w = 1 - 3. Let k be p(o). Give r(k).
-2
Let a(o) = -o**3 - 23*o**2 - 21*o + 25. Let k be a(-22). Suppose 1 = -v, t + t + k*v = -3. Let x(p) = 1 + 0*p**2 - 8 + p**2. What is x(t)?
-7
Let w(u) = u**3 + 5*u**2 - 8*u - 4. Suppose 20 = 2*t - 2*z, -7*t - 2*z + 52 = -3*t. Suppose -6*l + t - 4